 88197 is divided by 525?
522
Calculate the remainder when 9723 is divided by 152.
147
What is the remainder when 88381 is divided by 188?
21
Calculate the remainder when 853950 is divided by 28.
6
What is the remainder when 29477 is divided by 4906?
41
What is the remainder when 159139 is divided by 19884?
67
Calculate the remainder when 81808 is divided by 22.
12
What is the remainder when 3090 is divided by 56?
10
What is the remainder when 1321 is divided by 111?
100
Calculate the remainder when 3482 is divided by 346.
22
Calculate the remainder when 35115 is divided by 2701.
2
What is the remainder when 235718 is divided by 277?
268
Calculate the remainder when 62523 is divided by 203.
202
Calculate the remainder when 30433 is divided by 3381.
4
What is the remainder when 35598 is divided by 400?
398
Calculate the remainder when 15091 is divided by 368.
3
What is the remainder when 144899 is divided by 7?
6
What is the remainder when 14274 is divided by 30?
24
What is the remainder when 1102 is divided by 10?
2
Calculate the remainder when 87653 is divided by 8763.
23
What is the remainder when 5809 is divided by 1180?
1089
Calculate the remainder when 5017 is divided by 5011.
6
What is the remainder when 10079 is divided by 9833?
246
What is the remainder when 4842 is divided by 111?
69
What is the remainder when 11859 is divided by 50?
9
Calculate the remainder when 4154842 is divided by 1384944.
10
What is the remainder when 3221 is divided by 73?
9
What is the remainder when 110505 is divided by 6?
3
What is the remainder when 10392 is divided by 545?
37
Calculate the remainder when 13069 is divided by 16.
13
Calculate the remainder when 17328 is divided by 31.
30
Calculate the remainder when 21614 is divided by 49.
5
Calculate the remainder when 1875602 is divided by 874.
872
What is the remainder when 24521 is divided by 716?
177
What is the remainder when 515253 is divided by 266?
11
Calculate the remainder when 86049 is divided by 35.
19
What is the remainder when 23157 is divided by 270?
207
Calculate the remainder when 11668 is divided by 131.
9
What is the remainder when 27915 is divided by 735?
720
Calculate the remainder when 6497 is divided by 360.
17
What is the remainder when 244654 is divided by 18?
16
What is the remainder when 1819132 is divided by 544?
540
What is the remainder when 409677 is divided by 144?
141
What is the remainder when 3942 is divided by 3?
0
Calculate the remainder when 2548 is divided by 413.
70
What is the remainder when 66248 is divided by 2137?
1
Calculate the remainder when 27065 is divided by 404.
401
What is the remainder when 921056 is divided by 340?
336
Calculate the remainder when 34835 is divided by 2063.
1827
Calculate the remainder when 104121 is divided by 85.
81
Calculate the remainder when 55758 is divided by 170.
168
Calculate the remainder when 357301 is divided by 2464.
21
Calculate the remainder when 12454 is divided by 461.
7
What is the remainder when 2705 is divided by 74?
41
What is the remainder when 225316 is divided by 1598?
1596
What is the remainder when 336598 is divided by 60?
58
What is the remainder when 406 is divided by 218?
188
Calculate the remainder when 24240 is divided by 6024.
144
Calculate the remainder when 243233 is divided by 196.
193
What is the remainder when 130332 is divided by 2108?
1744
Calculate the remainder when 4162 is divided by 533.
431
What is the remainder when 6941 is divided by 2101?
638
What is the remainder when 7848 is divided by 894?
696
What is the remainder when 8452 is divided by 432?
244
Calculate the remainder when 4216 is divided by 58.
40
What is the remainder when 284496 is divided by 1166?
1158
What is the remainder when 6148 is divided by 439?
2
What is the remainder when 22341 is divided by 117?
111
What is the remainder when 493723 is divided by 25?
23
Calculate the remainder when 12256 is divided by 65.
36
What is the remainder when 6004 is divided by 5108?
896
What is the remainder when 15248 is divided by 2510?
188
Calculate the remainder when 6953 is divided by 116.
109
What is the remainder when 320687 is divided by 640?
47
What is the remainder when 95018 is divided by 1145?
1128
What is the remainder when 96398 is divided by 241?
239
Calculate the remainder when 3328 is divided by 1082.
82
What is the remainder when 14697 is divided by 1336?
1
Calculate the remainder when 517 is divided by 89.
72
What is the remainder when 78867 is divided by 73?
27
What is the remainder when 1925773 is divided by 405?
403
What is the remainder when 64367 is divided by 130?
17
Calculate the remainder when 2589 is divided by 849.
42
What is the remainder when 9698 is divided by 4846?
6
What is the remainder when 57610 is divided by 143?
124
What is the remainder when 615 is divided by 282?
51
Calculate the remainder when 2469 is divided by 348.
33
What is the remainder when 3062 is divided by 17?
2
What is the remainder when 20643 is divided by 2935?
98
What is the remainder when 23211 is divided by 52?
19
Calculate the remainder when 349800 is divided by 3300.
0
Calculate the remainder when 178940 is divided by 59637.
29
Calculate the remainder when 32644 is divided by 44.
40
What is the remainder when 37565 is divided by 387?
26
What is the remainder when 8481 is divided by 1211?
4
Calculate the remainder when 485 is divided by 119.
9
What is the remainder when 5486 is divided by 469?
327
Calculate the remainder when 10186 is divided by 2502.
178
Calculate the remainder when 8394 is divided by 366.
342
Calculate the remainder when 5031 is divided by 1230.
111
Calculate the remainder when 9472 is divided by 29.
18
Calculate the remainder when 29144 is divided by 187.
159
What is the remainder when 68036 is divided by 504?
500
What is the remainder when 609868 is divided by 37?
34
What is the remainder when 155569 is divided by 86?
81
What is the remainder when 272760 is divided by 128?
120
Calculate the remainder when 8865 is divided by 291.
135
Calculate the remainder when 312936 is divided by 62.
22
What is the remainder when 12652 is divided by 1440?
1132
What is the remainder when 5297 is divided by 1312?
49
What is the remainder when 31973 is divided by 3196?
13
What is the remainder when 31135 is divided by 15564?
7
Calculate the remainder when 427018 is divided by 29.
22
Calculate the remainder when 7959 is divided by 227.
14
Calculate the remainder when 78112 is divided by 278.
272
Calculate the remainder when 21168 is divided by 33.
15
What is the remainder when 3059495 is divided by 29?
24
Calculate the remainder when 80248 is divided by 486.
58
What is the remainder when 84423 is divided by 9380?
3
Calculate the remainder when 46001 is divided by 6.
5
Calculate the remainder when 50837 is divided by 13.
7
Calculate the remainder when 684009 is divided by 102.
99
What is the remainder when 5749 is divided by 711?
61
What is the remainder when 4530 is divided by 439?
140
What is the remainder when 65545 is divided by 5951?
84
Calculate the remainder when 8514 is divided by 2127.
6
What is the remainder when 261 is divided by 24?
21
Calculate the remainder when 5845 is divided by 230.
95
What is the remainder when 16168 is divided by 1602?
148
Calculate the remainder when 902188 is divided by 51.
49
What is the remainder when 5870 is divided by 143?
7
Calculate the remainder when 362758 is divided by 1096.
1078
What is the remainder when 3329 is divided by 523?
191
What is the remainder when 25405 is divided by 77?
72
Calculate the remainder when 17511 is divided by 168.
39
Calculate the remainder when 27756 is divided by 27733.
23
What is the remainder when 52922 is divided by 42?
2
What is the remainder when 60880 is divided by 197?
7
What is the remainder when 11375 is divided by 1414?
63
Calculate the remainder when 170992 is divided by 34193.
27
Calculate the remainder when 9488 is divided by 1174.
96
Calculate the remainder when 3290 is divided by 322.
70
What is the remainder when 65368 is divided by 131?
130
Calculate the remainder when 92209 is divided by 43.
17
What is the remainder when 433037 is divided by 357?
353
What is the remainder when 4180 is divided by 880?
660
Calculate the remainder when 836 is di